prime factors of u.
7
Suppose 0 = 3*j + 227 - 5. Let z = -39 - j. What are the prime factors of z?
5, 7
Suppose -11 = -z - 3*o - 1, 4*o + 10 = 2*z. What are the prime factors of (z - 3) + (-75)/(-3)?
29
Suppose -3*a - 12 = 0, -152 = -4*v - 5*a + 56. Let w = -17 + v. What are the prime factors of w?
2, 5
Suppose -2 = -2*u + 26. Let y = u + 12. List the prime factors of y.
2, 13
Let g be 6/(-5) - 3/(-15). What are the prime factors of g/(-1 + (-24)/(-27))?
3
Let m = 2 + 0. Suppose 6 = 5*w - 4*w. Let s = w + m. What are the prime factors of s?
2
Suppose 2*u - 72 = -4*f + 6, 0 = -5*f + 10. List the prime factors of u.
5, 7
Suppose -4*q = -9*q - 125. Let j = 36 + q. List the prime factors of j.
11
Suppose -j = 2*s + 7, -28 = j - 2*j + 5*s. Let y(f) = 2*f + j*f + 0*f - f. What are the prime factors of y(1)?
2
Let l(d) = d**2 - 2*d + 1. Let u be l(4). Let x(j) = j**2 + 5*j + 3. Let s be x(-2). Let o = u + s. List the prime factors of o.
2, 3
Suppose -20 = -4*b, -3*b = -m - 4*b + 135. What are the prime factors of m?
2, 5, 13
Suppose -70 = -2*w - 3*w. List the prime factors of w.
2, 7
Let a = -20 + 31. List the prime factors of a/(22/96) - -1.
7
Suppose -w + 8 = w. Suppose -3*f = 3*h + 2*h + w, 4*f = 4*h + 16. Suppose -f*c = -4*c + 24. What are the prime factors of c?
2, 3
Suppose 6*b + 120 - 312 = 0. List the prime factors of b.
2
Let g(c) = 2*c + 11. Let p be g(11). Suppose -2*m = 4*y + 3*m - p, -3*y - 3*m + 21 = 0. What are the prime factors of y?
2
Suppose p + 2*j + 1004 = 4*p, -2*j = -4. List the prime factors of p.
2, 3, 7
Let m = 25 - 10. Suppose -w - 3*j - m = -2*w, 0 = -2*w - 2*j + 14. What are the prime factors of w?
3
Let s be (3 - 3)/(-2 - -1). What are the prime factors of -2 + (4 - (-2 + s))?
2
Suppose -108 + 324 = 4*q. List the prime factors of q.
2, 3
Let k be (0/(-1) - 0)/2. Suppose 3*n + 2*n - 3*j - 30 = 0, -4*n - 8 = 4*j. Suppose -4*t + 12 = 5*m - m, k = -5*t - n*m + 13. What are the prime factors of t?
2
Suppose -5*i - 180 = -5*l, l + i - 4*i = 28. Suppose 2*q - 23 = -5*p + l, -4*p - 4*q = -48. What are the prime factors of p?
13
Suppose -5*a - 5*f = -5, -23 = -5*a + 6*f - 2*f. Suppose 4*k = 2*o + 20, a + 15 = 3*k - 3*o. Let l = 11 + k. List the prime factors of l.
3, 5
Let w(u) be the second derivative of 1/20*u**5 + u + 0 + u**3 - 1/2*u**2 - 1/2*u**4. What are the prime factors of w(5)?
2
Let q be 1/(-3) + 32/6. Suppose 0 = q*u - 3*u. Let s(d) = d**3 - d**2 + 6. What are the prime factors of s(u)?
2, 3
What are the prime factors of (-2)/7 + 468/21?
2, 11
Let c(n) = 5*n**2 - 8*n + 8. What are the prime factors of c(4)?
2, 7
Suppose 10*y = 5*y + 65. Let p = -9 + y. Suppose -3 + 55 = p*q. What are the prime factors of q?
13
Let p be -28*(-2 - (-1)/1). Suppose 0 = 4*y - 8 + p. Let q = y - -10. What are the prime factors of q?
5
Suppose -4*g = -9*g + 30. List the prime factors of ((-4)/(-6))/(g/27).
3
Suppose -6 - 9 = -5*b. Suppose 6*d = 3*d - b. List the prime factors of 9 + -2 + (-1 - d).
7
Let z = -17 - -103. What are the prime factors of z?
2, 43
Let o(v) = -5*v + 10. What are the prime factors of o(-6)?
2, 5
Let u be 464/10 - (-6)/10. Suppose 5*n - 13 = u. List the prime factors of n.
2, 3
Let d(z) = -z**3 + 13*z**2 - z + 15. Let g be d(13). Suppose 0 = -j - 3*k + 18, 0*j - 9 = -g*j + 3*k. List the prime factors of j.
3
Let t = 37 - 19. Suppose 5*q + t = 6*q. What are the prime factors of q?
2, 3
Let c be (-4)/18 + 448/72. List the prime factors of c + (-5 - -3) + 2.
2, 3
Let l(v) = -v**2 + 6*v - 2. Let m be l(4). Let p be (-10)/(-5)*m/4. Suppose -28 = -p*t + 20. What are the prime factors of t?
2
Let a = -5 - -7. Suppose -w - 10 = -2*o - a, -o + 9 = -3*w. List the prime factors of o.
3
Let g = 83 - 47. Suppose -f - g = -5*f. List the prime factors of f.
3
What are the prime factors of (-2)/3*(-76 - (2 + 0))?
2, 13
What are the prime factors of 2 - (23*-9)/3?
71
Let r(q) = -q - 7. Let f be r(-4). What are the prime factors of 146/6 + 1/f?
2, 3
Suppose -5*j = -j. What are the prime factors of 15*1 + j/1?
3, 5
Let m = 6 - 4. Suppose -u + 3 + m = 0. Suppose u*b - 2*b - 39 = 0. What are the prime factors of b?
13
Suppose 0*o = -o + 1. Let k be (-1 + 1 - 17) + o. Let d = k - -28. What are the prime factors of d?
2, 3
Let w(s) = -25*s + 17. What are the prime factors of w(-12)?
317
List the prime factors of 104*(-1 + 2 - 12/(-24)).
2, 3, 13
Let m(z) = -z**2 - 4 + 4*z**2 - 2*z**2. Let p(d) = 4*d + 1. Let u be p(-1). List the prime factors of m(u).
5
Suppose 96 = c + 3*c. Suppose 4*n = c + 32. List the prime factors of n.
2, 7
Let n(x) = x**3 + 2*x**2 + 6*x - 1. Let d be n(5). Suppose -d = -5*k - 4*p - 51, 2*p = -6. What are the prime factors of k?
3, 11
Suppose -147 - 573 = -5*p. Suppose -5*a + a = -p. What are the prime factors of a?
2, 3
Let l(d) = -d**3 + 18*d**2 - 16*d - 14. Let o be l(17). Suppose -3*w - 2 = -98. Suppose 8 = -o*r + w. What are the prime factors of r?
2
List the prime factors of -3 + 0 - (-44 + 4).
37
Let p(f) = 14*f + 8. What are the prime factors of p(10)?
2, 37
Suppose -1 = -h + 3*w + 22, 3*w + 74 = 4*h. Suppose -h = -r - 4. List the prime factors of r.
13
Suppose -3*n = -196 - 86. What are the prime factors of n?
2, 47
List the prime factors of 4*10 + 20/(-10).
2, 19
Let r(s) = s - 8. Let u be r(0). Let h be 50/8 - (-2)/u. Suppose j - h*j = -25. List the prime factors of j.
5
Let l(s) = -s**2 + s + 6. Let h be l(5). Suppose 3*w - 35 = 40. Let t = w + h. List the prime factors of t.
11
Let x(z) = z**3 - 3*z**2 + 2*z + 7. List the prime factors of x(4).
31
Suppose -2 - 4 = -3*j. Suppose 3*b + 2*o = 53, -3*b + 55 = j*b - 5*o. What are the prime factors of b?
3, 5
Suppose -5*a + a + 44 = 0. Suppose -4*t + 11 = k, -3*t = 2*k - 1 - a. List the prime factors of k.
3
Suppose -3*j + 5*o - 8 + 703 = 0, 5*o = -5*j + 1185. What are the prime factors of j?
5, 47
Let h(m) = -m + m**2 - 9 - 4*m + 0*m. What are the prime factors of h(7)?
5
Let x = 10 - 4. Let p be (-1)/((-7)/x)*7. Suppose -5*l + p = -9, 0 = -3*k + 2*l. What are the prime factors of k?
2
Let z(d) = 9*d + 2. Let f be z(2). Suppose 3*l - f = -2*l. Suppose -78 + 22 = -l*q. List the prime factors of q.
2, 7
Let n(u) = -2*u + 35. What are the prime factors of n(0)?
5, 7
Suppose -3*t = 3*p - 12, 2*t = -3*p + 16 - 4. Suppose 70 - 22 = p*n. List the prime factors of n.
2, 3
Suppose -x + 3*x + 68 = 0. Suppose 192 = 4*i - 4*z, 0 = 4*z - 10 + 2. Let j = x + i. What are the prime factors of j?
2
What are the prime factors of (-409)/(-4) - 11/44?
2, 3, 17
Let t(z) = -z**3 - 9*z**2 - 12. Let s be t(-9). Suppose 0*n - 2*n = -4. What are the prime factors of (s/5)/(n/(-5))?
2, 3
List the prime factors of 313 + (-5 - (-36)/4).
317
Let q be 2/(-3) + (-44)/(-3). Suppose -j + 8 = 2*x, -q = -5*j - 5*x + 11. What are the prime factors of j + (0/(-3))/2?
2
Let h be (-12)/(-8) - (-3)/6. What are the prime factors of 30 - h/(4/6)?
3
Let a(b) = 4*b**2 + 1 + 4*b**2 + 3*b**2. List the prime factors of a(1).
2, 3
Let h(r) = -2 - r - 6 + 4. Let c be h(-6). Suppose k - c - 3 = 0. What are the prime factors of k?
5
Let v = -3 - -35. List the prime factors of v.
2
Let m(l) = l**3 - 4*l**2 + 5*l - 6. Let f be m(4). Suppose -3*t = 2 - f. What are the prime factors of t?
2
Suppose 0*t = t. Let b be t + -1 - (-4)/2. What are the prime factors of -1*(7 - b)/(-3)?
2
Suppose 6*k - 190 = k. Let h = 66 - k. What are the prime factors of h?
2, 7
Let b = 855 + -489. List the prime factors of b.
2, 3, 61
Suppose -2*g = -6*g + 40. Let s = g - 3. List the prime factors of s.
7
Let j(a) = -a**2 - 4*a + 1. Let u be j(-5). Let p be 0/((-5)/((-10)/u)). What are the prime factors of p + 1 + 0 + 8?
3
Let t(m) = -3*m - 32. List the prime factors of t(-14).
2, 5
Suppose 13 = -5*d + 268. List the prime factors of d.
3, 17
Suppose -2*u = -3*i + u + 75, -u + 2 = 0. List the prime factors of i.
3
Let b(c) = c - 2*c - 2 + 0*c. Let o be b(-1). Let p = 9 - o. What are the prime factors of p?
2, 5
Let b be 6/10*(-5)/(-1). Suppose 34 = 4*j + 2*m, -2*m = -3*j + b*m + 32. Suppose -a + 0 = -j. List the prime factors of a.
3
Let v(k) = -152*k - 4. List the prime factors of v(-1).
2, 37
Suppose 0 = -4*a + 4*i - 16, 4*a + 10 = -0*a + i. Let o be (-1 + (-3)/a)*14. Suppose -o = 2*k + 5*m + 3, 3*k + 1 = -4*m. What are the prime 